{"id":496,"date":"2020-06-18T17:59:13","date_gmt":"2020-06-18T17:59:13","guid":{"rendered":"https:\/\/online.suny.edu\/introtocoil\/?page_id=496"},"modified":"2020-12-17T18:14:13","modified_gmt":"2020-12-17T18:14:13","slug":"recursos-del-coil-en-suny","status":"publish","type":"page","link":"https:\/\/online.suny.edu\/introtocoil\/recursos-del-coil-en-suny\/","title":{"rendered":"RECURSOS DEL COIL EN SUNY"},"content":{"rendered":"<p><strong>ACERCA DEL CENTRO DE SUNY COIL CENTER<\/strong><\/p>\n<p>VISI\u00d3N<\/p>\n<p>Prevemos un mundo libre de prejuicios impl\u00edcitos, donde las personas se comprometan a trav\u00e9s de las diferencias para conectarse plenamente con los dem\u00e1s. Consideramos que un entorno educativo que promueva los valores comunes, la comprensi\u00f3n mutua y la instrucci\u00f3n digital cr\u00edtica, y que fomente la integraci\u00f3n a trav\u00e9s de las fronteras para desarrollar el liderazgo, la resoluci\u00f3n de problemas en colaboraci\u00f3n y la toma de decisiones contextualizadas, har\u00e1 que esta idea se convierta en realidad.<\/p>\n<p>MISI\u00d3N<\/p>\n<p>Fomentar un entorno educativo comprometido, ofreciendo los recursos, el apoyo y la red profesional para que los educadores y las instituciones puedan incorporar oportunidades de participaci\u00f3n virtual para todos los estudiantes y el profesorado. Lo hacemos:<\/p>\n<ul>\n<li><strong>Simplificando el proceso<\/strong> de integraci\u00f3n del aprendizaje colaborativo en l\u00ednea en las pr\u00e1cticas educativas<\/li>\n<li><strong>Empoderando la comunidad profesional de<\/strong> <strong>pr\u00e1ctica <\/strong>que se dedica al crecimiento reflexivo y de calidad del campo<\/li>\n<li><strong>Incentivando y apoyando a educadores <\/strong>para que ofrezcan una experiencia educativa atractiva y relevante a nivel mundial<\/li>\n<li><strong>Desarrollando materiales y recursos<\/strong> para el desarrollo profesional <strong>independiente<\/strong><\/li>\n<li><strong>Estableciendo conexiones significativas<\/strong> entre personas, culturas e ideas<\/li>\n<\/ul>\n<p>NUESTRAS OFERTAS<\/p>\n<p>Desarrollo profesional para profesores y personal<\/p>\n<ul>\n<li>Prepar\u00e1ndose para ense\u00f1ar con COIL<\/li>\n<li>Seminarios web de actualidad en curso<\/li>\n<li>Clases de maestr\u00eda<\/li>\n<li>Capacitaci\u00f3n para el personal que apoya al COIL en sus instituciones.<\/li>\n<li>Talleres presenciales<\/li>\n<li>Mentores<\/li>\n<\/ul>\n<p>Consultas<\/p>\n<ul>\n<li>Planificaci\u00f3n estrat\u00e9gica para la internacionalizaci\u00f3n de los planes de estudio<\/li>\n<li>Calendario de aplicaci\u00f3n del plan estrat\u00e9gico y apoyo a la misma<\/li>\n<li>Consultas individuales sobre dise\u00f1o y desarrollo de clases<\/li>\n<li>Planificaci\u00f3n de la evaluaci\u00f3n<\/li>\n<li>Evaluaciones in situ de cursos y ejecuci\u00f3n de programas<\/li>\n<li>Desarrollo y capacitaci\u00f3n profesional personalizada<\/li>\n<\/ul>\n<p>Programa de los pr\u00f3ximos talleres en l\u00ednea:<\/p>\n<p><a href=\"https:\/\/online.suny.edu\/introtocoil\/wp-content\/uploads\/2020\/12\/Global-Network-Professional-Development-Sched-2020-2021-2.pdf\">2020-21 COIL Network Membership Info<\/a><\/p>\n<p><span style=\"color: #3366ff;\"><span style=\"color: #000000;\">Por favor, no dude en contactarnos en<\/span> coilinfo@suny.edu\u00a0<\/span><\/p>\n<p><img loading=\"lazy\" decoding=\"async\" class=\"alignnone  wp-image-479\" src=\"https:\/\/online.suny.edu\/introtocoil\/wp-content\/uploads\/2020\/04\/Revised-COIL-logo-04-1-e1585792757259-300x290.png\" alt=\"\" width=\"250\" height=\"242\" srcset=\"https:\/\/online.suny.edu\/introtocoil\/wp-content\/uploads\/2020\/04\/Revised-COIL-logo-04-1-e1585792757259-300x290.png 300w, https:\/\/online.suny.edu\/introtocoil\/wp-content\/uploads\/2020\/04\/Revised-COIL-logo-04-1-e1585792757259-768x742.png 768w, https:\/\/online.suny.edu\/introtocoil\/wp-content\/uploads\/2020\/04\/Revised-COIL-logo-04-1-e1585792757259-1024x989.png 1024w, https:\/\/online.suny.edu\/introtocoil\/wp-content\/uploads\/2020\/04\/Revised-COIL-logo-04-1-e1585792757259.png 1380w\" sizes=\"(max-width: 250px) 100vw, 250px\" \/><\/p>\n<p><strong>ALGUNAS MUESTRAS DE SILABIOS DEL COIL<\/strong><\/p>\n<p><a href=\"https:\/\/online.suny.edu\/introtocoil\/wp-content\/uploads\/2020\/04\/International-Joint-Venture-COIL-outline.docx\">International Joint Venture COIL outline<\/a><\/p>\n<p><a href=\"https:\/\/online.suny.edu\/introtocoil\/files\/2018\/10\/COIL-Syllabus_cara_1.pdf\">Collaborating and Educating in English through Digital Media<\/a><\/p>\n<p><a href=\"https:\/\/online.suny.edu\/introtocoil\/files\/2018\/10\/Case-Study-3-Ulster-Unison-Veterinary-Care.pdf\">Successful Veterinary Business<\/a><\/p>\n<p><a href=\"https:\/\/online.suny.edu\/introtocoil\/files\/2018\/10\/PHO118-01-Ziolkowski-IntroductionToPhotography-Syllabus-Falll20171019-COIL-Example.pdf\">Photography COIL Syllabus<\/a><\/p>\n<p><a href=\"https:\/\/online.suny.edu\/introtocoil\/files\/2018\/10\/Case-Study-5-AUT-MCC-Management-Culture.pdf\">Cultural Influences on Management Styles<\/a><\/p>\n<p><a href=\"https:\/\/online.suny.edu\/introtocoil\/files\/2018\/10\/Ziolkowski-PHO118-01-6-CrossCultureStorytellingThroughDigitalMedia-COIL-Example.pdf\">Cross Cultural Storytelling through Media<\/a><!--COIL video--><\/p>\n","protected":false},"excerpt":{"rendered":"<p>ACERCA DEL CENTRO DE SUNY COIL CENTER VISI\u00d3N Prevemos un mundo libre de prejuicios impl\u00edcitos, donde las personas se comprometan a trav\u00e9s de las diferencias para conectarse plenamente con los dem\u00e1s. Consideramos que un entorno educativo que promueva los valores comunes, la comprensi\u00f3n mutua y la instrucci\u00f3n digital cr\u00edtica, y que fomente la integraci\u00f3n a [&hellip;]<\/p>\n","protected":false},"author":8129,"featured_media":0,"parent":0,"menu_order":0,"comment_status":"closed","ping_status":"closed","template":"","meta":{"footnotes":""},"class_list":["post-496","page","type-page","status-publish","hentry"],"_links":{"self":[{"href":"https:\/\/online.suny.edu\/introtocoil\/wp-json\/wp\/v2\/pages\/496","targetHints":{"allow":["GET"]}}],"collection":[{"href":"https:\/\/online.suny.edu\/introtocoil\/wp-json\/wp\/v2\/pages"}],"about":[{"href":"https:\/\/online.suny.edu\/introtocoil\/wp-json\/wp\/v2\/types\/page"}],"author":[{"embeddable":true,"href":"https:\/\/online.suny.edu\/introtocoil\/wp-json\/wp\/v2\/users\/8129"}],"replies":[{"embeddable":true,"href":"https:\/\/online.suny.edu\/introtocoil\/wp-json\/wp\/v2\/comments?post=496"}],"version-history":[{"count":4,"href":"https:\/\/online.suny.edu\/introtocoil\/wp-json\/wp\/v2\/pages\/496\/revisions"}],"predecessor-version":[{"id":530,"href":"https:\/\/online.suny.edu\/introtocoil\/wp-json\/wp\/v2\/pages\/496\/revisions\/530"}],"wp:attachment":[{"href":"https:\/\/online.suny.edu\/introtocoil\/wp-json\/wp\/v2\/media?parent=496"}],"curies":[{"name":"wp","href":"https:\/\/api.w.org\/{rel}","templated":true}]}}